{"id":20216,"date":"2016-09-21T18:27:45","date_gmt":"2016-09-21T18:27:45","guid":{"rendered":"http:\/\/foziguacu.com\/?page_id=20216"},"modified":"2024-01-08T09:46:09","modified_gmt":"2024-01-08T12:46:09","slug":"quem-somos","status":"publish","type":"page","link":"http:\/\/box5640.temp.domains\/~clickfoz\/quem-somos\/","title":{"rendered":"Quem somos"},"content":{"rendered":"\n<p>Ol\u00e1 e bem-vindo ao Clickfoz, o principal portal de not\u00edcias e informa\u00e7\u00f5es da regi\u00e3o oeste do Paran\u00e1. Com uma trajet\u00f3ria de 10 anos, nossa miss\u00e3o tem sido apresentar o melhor de Foz do Igua\u00e7u no universo digital. Nos dedicamos a destacar as not\u00edcias mais positivas, abrangendo eventos culturais e a vibrante cena tur\u00edstica da cidade. Junte-se a n\u00f3s para explorar e celebrar as facetas mais inspiradoras de Foz do Igua\u00e7u.<\/p>\n\n\n\n<p>Conhe\u00e7a os profissionais que fazem o <a href=\"http:\/\/www.clickfozdoiguacu.com.br\" target=\"_blank\" rel=\"noopener noreferrer\"><em><strong>Click Foz do Igua\u00e7u<\/strong><\/em><\/a>:<\/p>\n\n\n\n<p class=\"has-text-align-center\"><strong>GARON PICELI<\/strong><br>Editor<\/p>\n\n\n\n<blockquote class=\"wp-block-quote is-layout-flow wp-block-quote-is-layout-flow\">\n<p>Jornalista com paix\u00e3o por contar hist\u00f3rias. Seja em texto, v\u00eddeo ou foto. &nbsp;No <em><strong>Clickfoz<\/strong><\/em> faz de tudo um pouco.<\/p>\n\n\n\n<ul class=\"wp-block-list\">\n<li><a href=\"http:\/\/instagram.com\/garonpiceli\" target=\"_blank\" rel=\"noopener noreferrer\">Instagram<\/a><\/li>\n\n\n\n<li><a href=\"http:\/\/twitter.com\/garonpiceli\" target=\"_blank\" rel=\"noopener noreferrer\">Twitter<\/a><\/li>\n\n\n\n<li><a href=\"http:\/\/facebook.com\/garon.piceli\">Facebook<\/a><\/li>\n\n\n\n<li><strong>E-mail<\/strong>: <a href=\"garonphn@gmail.com\">garonphn@gmail.com<\/a> |&nbsp;<a href=\"mailto:garon@clickfozdoiguacu.com.br\" target=\"_blank\" rel=\"noopener noreferrer\">garon@clickfozdoiguacu.com.br<\/a> &nbsp;<a href=\"mailto:comercial@clickfozdoiguacu.com.br\" target=\"_blank\" rel=\"noopener noreferrer\">comercial@clickfozdoiguacu.com.br<\/a><\/li>\n<\/ul>\n<\/blockquote>\n\n\n\n<p class=\"has-text-align-center\">&nbsp;<\/p>\n","protected":false},"excerpt":{"rendered":"<p>Ol\u00e1 e bem-vindo ao Clickfoz, o principal portal de not\u00edcias e informa\u00e7\u00f5es da regi\u00e3o oeste do Paran\u00e1. Com uma trajet\u00f3ria de 10 anos, nossa miss\u00e3o tem sido apresentar o melhor de Foz do Igua\u00e7u no universo digital. Nos dedicamos a destacar as not\u00edcias mais positivas, abrangendo eventos culturais e a vibrante cena tur\u00edstica da cidade. [&hellip;]<\/p>\n","protected":false},"author":11,"featured_media":0,"parent":0,"menu_order":0,"comment_status":"closed","ping_status":"closed","template":"","meta":{"footnotes":""},"class_list":["post-20216","page","type-page","status-publish","hentry"],"yoast_head":"<!-- This site is optimized with the Yoast SEO plugin v25.2 - https:\/\/yoast.com\/wordpress\/plugins\/seo\/ -->\n<title>Quem somos - Clickfoz<\/title>\n<meta name=\"robots\" content=\"index, follow, max-snippet:-1, max-image-preview:large, max-video-preview:-1\" \/>\n<link rel=\"canonical\" href=\"http:\/\/box5640.temp.domains\/~clickfoz\/quem-somos\/\" \/>\n<meta property=\"og:locale\" content=\"pt_BR\" \/>\n<meta property=\"og:type\" content=\"article\" \/>\n<meta property=\"og:title\" content=\"Quem somos - Clickfoz\" \/>\n<meta property=\"og:description\" content=\"Ol\u00e1 e bem-vindo ao Clickfoz, o principal portal de not\u00edcias e informa\u00e7\u00f5es da regi\u00e3o oeste do Paran\u00e1. Com uma trajet\u00f3ria de 10 anos, nossa miss\u00e3o tem sido apresentar o melhor de Foz do Igua\u00e7u no universo digital. Nos dedicamos a destacar as not\u00edcias mais positivas, abrangendo eventos culturais e a vibrante cena tur\u00edstica da cidade. [&hellip;]\" \/>\n<meta property=\"og:url\" content=\"http:\/\/box5640.temp.domains\/~clickfoz\/quem-somos\/\" \/>\n<meta property=\"og:site_name\" content=\"Clickfoz\" \/>\n<meta property=\"article:publisher\" content=\"https:\/\/facebook.com\/clickfoz\" \/>\n<meta property=\"article:modified_time\" content=\"2024-01-08T12:46:09+00:00\" \/>\n<meta property=\"og:image\" content=\"http:\/\/box5640.temp.domains\/~clickfoz\/wp-content\/uploads\/2023\/11\/logo-clickfoz.png\" \/>\n\t<meta property=\"og:image:width\" content=\"1200\" \/>\n\t<meta property=\"og:image:height\" content=\"675\" \/>\n\t<meta property=\"og:image:type\" content=\"image\/png\" \/>\n<meta name=\"twitter:card\" content=\"summary_large_image\" \/>\n<meta name=\"twitter:site\" content=\"@clickfoz\" \/>\n<meta name=\"twitter:label1\" content=\"Est. tempo de leitura\" \/>\n\t<meta name=\"twitter:data1\" content=\"1 minuto\" \/>\n<script type=\"application\/ld+json\" class=\"yoast-schema-graph\">{\"@context\":\"https:\/\/schema.org\",\"@graph\":[{\"@type\":\"WebPage\",\"@id\":\"http:\/\/box5640.temp.domains\/~clickfoz\/quem-somos\/\",\"url\":\"http:\/\/box5640.temp.domains\/~clickfoz\/quem-somos\/\",\"name\":\"Quem somos - Clickfoz\",\"isPartOf\":{\"@id\":\"https:\/\/box5640.temp.domains\/~clickfoz\/#website\"},\"datePublished\":\"2016-09-21T18:27:45+00:00\",\"dateModified\":\"2024-01-08T12:46:09+00:00\",\"breadcrumb\":{\"@id\":\"http:\/\/box5640.temp.domains\/~clickfoz\/quem-somos\/#breadcrumb\"},\"inLanguage\":\"pt-BR\",\"potentialAction\":[{\"@type\":\"ReadAction\",\"target\":[\"http:\/\/box5640.temp.domains\/~clickfoz\/quem-somos\/\"]}]},{\"@type\":\"BreadcrumbList\",\"@id\":\"http:\/\/box5640.temp.domains\/~clickfoz\/quem-somos\/#breadcrumb\",\"itemListElement\":[{\"@type\":\"ListItem\",\"position\":1,\"name\":\"Home\",\"item\":\"http:\/\/box5640.temp.domains\/~clickfoz\/\"},{\"@type\":\"ListItem\",\"position\":2,\"name\":\"Quem somos\"}]},{\"@type\":\"WebSite\",\"@id\":\"https:\/\/box5640.temp.domains\/~clickfoz\/#website\",\"url\":\"https:\/\/box5640.temp.domains\/~clickfoz\/\",\"name\":\"Click Foz do Igua\u00e7u\",\"description\":\"O portal de not\u00edcias de Foz do Igua\u00e7u\",\"publisher\":{\"@id\":\"https:\/\/box5640.temp.domains\/~clickfoz\/#organization\"},\"potentialAction\":[{\"@type\":\"SearchAction\",\"target\":{\"@type\":\"EntryPoint\",\"urlTemplate\":\"https:\/\/box5640.temp.domains\/~clickfoz\/?s={search_term_string}\"},\"query-input\":{\"@type\":\"PropertyValueSpecification\",\"valueRequired\":true,\"valueName\":\"search_term_string\"}}],\"inLanguage\":\"pt-BR\"},{\"@type\":\"Organization\",\"@id\":\"https:\/\/box5640.temp.domains\/~clickfoz\/#organization\",\"name\":\"Clickfoz - Portal de Not\u00edcias de Foz do Igua\u00e7i\",\"url\":\"https:\/\/box5640.temp.domains\/~clickfoz\/\",\"logo\":{\"@type\":\"ImageObject\",\"inLanguage\":\"pt-BR\",\"@id\":\"https:\/\/box5640.temp.domains\/~clickfoz\/#\/schema\/logo\/image\/\",\"url\":\"http:\/\/box5640.temp.domains\/~clickfoz\/wp-content\/uploads\/2019\/04\/clickfoz-mini-logo-green-mouse-190x65.png\",\"contentUrl\":\"http:\/\/box5640.temp.domains\/~clickfoz\/wp-content\/uploads\/2019\/04\/clickfoz-mini-logo-green-mouse-190x65.png\",\"width\":190,\"height\":65,\"caption\":\"Clickfoz - Portal de Not\u00edcias de Foz do Igua\u00e7i\"},\"image\":{\"@id\":\"https:\/\/box5640.temp.domains\/~clickfoz\/#\/schema\/logo\/image\/\"},\"sameAs\":[\"https:\/\/facebook.com\/clickfoz\",\"https:\/\/x.com\/clickfoz\",\"https:\/\/www.instagram.com\/clickfoz\"]}]}<\/script>\n<!-- \/ Yoast SEO plugin. -->","yoast_head_json":{"title":"Quem somos - Clickfoz","robots":{"index":"index","follow":"follow","max-snippet":"max-snippet:-1","max-image-preview":"max-image-preview:large","max-video-preview":"max-video-preview:-1"},"canonical":"http:\/\/box5640.temp.domains\/~clickfoz\/quem-somos\/","og_locale":"pt_BR","og_type":"article","og_title":"Quem somos - Clickfoz","og_description":"Ol\u00e1 e bem-vindo ao Clickfoz, o principal portal de not\u00edcias e informa\u00e7\u00f5es da regi\u00e3o oeste do Paran\u00e1. Com uma trajet\u00f3ria de 10 anos, nossa miss\u00e3o tem sido apresentar o melhor de Foz do Igua\u00e7u no universo digital. Nos dedicamos a destacar as not\u00edcias mais positivas, abrangendo eventos culturais e a vibrante cena tur\u00edstica da cidade. [&hellip;]","og_url":"http:\/\/box5640.temp.domains\/~clickfoz\/quem-somos\/","og_site_name":"Clickfoz","article_publisher":"https:\/\/facebook.com\/clickfoz","article_modified_time":"2024-01-08T12:46:09+00:00","og_image":[{"width":1200,"height":675,"url":"http:\/\/box5640.temp.domains\/~clickfoz\/wp-content\/uploads\/2023\/11\/logo-clickfoz.png","type":"image\/png"}],"twitter_card":"summary_large_image","twitter_site":"@clickfoz","twitter_misc":{"Est. tempo de leitura":"1 minuto"},"schema":{"@context":"https:\/\/schema.org","@graph":[{"@type":"WebPage","@id":"http:\/\/box5640.temp.domains\/~clickfoz\/quem-somos\/","url":"http:\/\/box5640.temp.domains\/~clickfoz\/quem-somos\/","name":"Quem somos - Clickfoz","isPartOf":{"@id":"https:\/\/box5640.temp.domains\/~clickfoz\/#website"},"datePublished":"2016-09-21T18:27:45+00:00","dateModified":"2024-01-08T12:46:09+00:00","breadcrumb":{"@id":"http:\/\/box5640.temp.domains\/~clickfoz\/quem-somos\/#breadcrumb"},"inLanguage":"pt-BR","potentialAction":[{"@type":"ReadAction","target":["http:\/\/box5640.temp.domains\/~clickfoz\/quem-somos\/"]}]},{"@type":"BreadcrumbList","@id":"http:\/\/box5640.temp.domains\/~clickfoz\/quem-somos\/#breadcrumb","itemListElement":[{"@type":"ListItem","position":1,"name":"Home","item":"http:\/\/box5640.temp.domains\/~clickfoz\/"},{"@type":"ListItem","position":2,"name":"Quem somos"}]},{"@type":"WebSite","@id":"https:\/\/box5640.temp.domains\/~clickfoz\/#website","url":"https:\/\/box5640.temp.domains\/~clickfoz\/","name":"Click Foz do Igua\u00e7u","description":"O portal de not\u00edcias de Foz do Igua\u00e7u","publisher":{"@id":"https:\/\/box5640.temp.domains\/~clickfoz\/#organization"},"potentialAction":[{"@type":"SearchAction","target":{"@type":"EntryPoint","urlTemplate":"https:\/\/box5640.temp.domains\/~clickfoz\/?s={search_term_string}"},"query-input":{"@type":"PropertyValueSpecification","valueRequired":true,"valueName":"search_term_string"}}],"inLanguage":"pt-BR"},{"@type":"Organization","@id":"https:\/\/box5640.temp.domains\/~clickfoz\/#organization","name":"Clickfoz - Portal de Not\u00edcias de Foz do Igua\u00e7i","url":"https:\/\/box5640.temp.domains\/~clickfoz\/","logo":{"@type":"ImageObject","inLanguage":"pt-BR","@id":"https:\/\/box5640.temp.domains\/~clickfoz\/#\/schema\/logo\/image\/","url":"http:\/\/box5640.temp.domains\/~clickfoz\/wp-content\/uploads\/2019\/04\/clickfoz-mini-logo-green-mouse-190x65.png","contentUrl":"http:\/\/box5640.temp.domains\/~clickfoz\/wp-content\/uploads\/2019\/04\/clickfoz-mini-logo-green-mouse-190x65.png","width":190,"height":65,"caption":"Clickfoz - Portal de Not\u00edcias de Foz do Igua\u00e7i"},"image":{"@id":"https:\/\/box5640.temp.domains\/~clickfoz\/#\/schema\/logo\/image\/"},"sameAs":["https:\/\/facebook.com\/clickfoz","https:\/\/x.com\/clickfoz","https:\/\/www.instagram.com\/clickfoz"]}]}},"_links":{"self":[{"href":"http:\/\/box5640.temp.domains\/~clickfoz\/wp-json\/wp\/v2\/pages\/20216","targetHints":{"allow":["GET"]}}],"collection":[{"href":"http:\/\/box5640.temp.domains\/~clickfoz\/wp-json\/wp\/v2\/pages"}],"about":[{"href":"http:\/\/box5640.temp.domains\/~clickfoz\/wp-json\/wp\/v2\/types\/page"}],"author":[{"embeddable":true,"href":"http:\/\/box5640.temp.domains\/~clickfoz\/wp-json\/wp\/v2\/users\/11"}],"replies":[{"embeddable":true,"href":"http:\/\/box5640.temp.domains\/~clickfoz\/wp-json\/wp\/v2\/comments?post=20216"}],"version-history":[{"count":3,"href":"http:\/\/box5640.temp.domains\/~clickfoz\/wp-json\/wp\/v2\/pages\/20216\/revisions"}],"predecessor-version":[{"id":58525,"href":"http:\/\/box5640.temp.domains\/~clickfoz\/wp-json\/wp\/v2\/pages\/20216\/revisions\/58525"}],"wp:attachment":[{"href":"http:\/\/box5640.temp.domains\/~clickfoz\/wp-json\/wp\/v2\/media?parent=20216"}],"curies":[{"name":"wp","href":"https:\/\/api.w.org\/{rel}","templated":true}]}}