{"id":20177,"date":"2019-01-17T15:05:04","date_gmt":"2019-01-17T15:05:04","guid":{"rendered":"http:\/\/foziguacu.com\/?page_id=20177"},"modified":"2021-05-17T16:35:55","modified_gmt":"2021-05-17T19:35:55","slug":"transporte-publico-em-foz-do-iguacu","status":"publish","type":"page","link":"http:\/\/box5640.temp.domains\/~clickfoz\/transporte-publico-em-foz-do-iguacu\/","title":{"rendered":"Transporte p\u00fablico em Foz do Igua\u00e7u"},"content":{"rendered":"<p style=\"text-align: center;\"><a href=\"http:\/\/www.pmfi.pr.gov.br\/conteudo\/?idMenu=570\" target=\"_blank\" rel=\"noopener\">Rotas dos \u00f4nibus do transporte urbano de Foz do Igua\u00e7u<\/a>.<\/p>\n<p>&nbsp;<\/p>\n<p>Confira a tabela de hor\u00e1rios <strong>(<span class=\"s1\">Atualiza\u00e7\u00e3o em 24\/07\/2018)<\/span><\/strong>:<\/p>\n<p><a href=\"http:\/\/www.pmfi.pr.gov.br\/ArquivosDB?idMidia=107021\">Linha 10 &#8211; Cidade Nova<\/a><\/p>\n<p><a href=\"http:\/\/www.pmfi.pr.gov.br\/ArquivosDB?idMidia=107022\">Linha 25 &#8211; Madrugad\u00e3o &#8211; Vila C &#8211; Porto Meira<\/a><\/p>\n<p><a href=\"http:\/\/www.pmfi.pr.gov.br\/ArquivosDB?idMidia=107023\">Linha 35 &#8211; Jd. Apor\u00e3<\/a><\/p>\n<p><a href=\"http:\/\/www.pmfi.pr.gov.br\/ArquivosDB?idMidia=107024\">Linha 40 &#8211; Vila C &#8211; Rodovi\u00e1ria<\/a><\/p>\n<p><a href=\"http:\/\/www.pmfi.pr.gov.br\/ArquivosDB?idMidia=107025\">Linha 50 &#8211; Vila A via PR<\/a><\/p>\n<p><a href=\"http:\/\/www.pmfi.pr.gov.br\/ArquivosDB?idMidia=107026\">Linha 55 &#8211; Vila A via J.K<\/a><\/p>\n<p><a href=\"http:\/\/www.pmfi.pr.gov.br\/ArquivosDB?idMidia=107027\">Linha 60 &#8211; Jd. Paran\u00e1<\/a><\/p>\n<p><a href=\"http:\/\/www.pmfi.pr.gov.br\/ArquivosDB?idMidia=107028\">Linha 65 &#8211; Universit\u00e1ria<\/a><\/p>\n<p><a href=\"http:\/\/www.pmfi.pr.gov.br\/ArquivosDB?idMidia=107029\">Linha 70 &#8211; Cidade Nova &#8211; INSS<\/a><\/p>\n<p><a href=\"http:\/\/www.pmfi.pr.gov.br\/ArquivosDB?idMidia=107030\">Linha 75 &#8211; Itaipu<\/a><\/p>\n<p><a href=\"http:\/\/www.pmfi.pr.gov.br\/ArquivosDB?idMidia=107031\">Linha 100 &#8211; Alimentador &#8211; Remanso Grande<\/a><\/p>\n<p><a href=\"http:\/\/www.pmfi.pr.gov.br\/ArquivosDB?idMidia=107034\">Linha 104 &#8211; Vila C &#8211; T.T.U<\/a><\/p>\n<p><a href=\"http:\/\/www.pmfi.pr.gov.br\/ArquivosDB?idMidia=107035\">Linha 105 &#8211; Novo Horizonte &#8211; Rodovi\u00e1ria<\/a><\/p>\n<p><a href=\"http:\/\/www.pmfi.pr.gov.br\/ArquivosDB?idMidia=107036\">Linha 107 &#8211; Jd. Itaipu<\/a><\/p>\n<p><a href=\"http:\/\/www.pmfi.pr.gov.br\/ArquivosDB?idMidia=107039\">Linha 200 &#8211; Gleba Guarani<\/a><\/p>\n<p><a href=\"http:\/\/www.pmfi.pr.gov.br\/ArquivosDB?idMidia=107040\">Linha 205 &#8211; Santa Rita<\/a><\/p>\n<p><a href=\"http:\/\/www.pmfi.pr.gov.br\/ArquivosDB?idMidia=107041\">Linha 210 &#8211; Parque Imperatriz<\/a><\/p>\n<p><a href=\"http:\/\/www.pmfi.pr.gov.br\/ArquivosDB?idMidia=107042\">Linha 215 &#8211; Tr\u00eas Bandeiras &#8211; Ponte<\/a><\/p>\n<p><a href=\"http:\/\/www.pmfi.pr.gov.br\/ArquivosDB?idMidia=107044\">Linha 230 &#8211; Tr\u00eas Lagoas &#8211; Ponte<\/a><\/p>\n<p><a href=\"http:\/\/www.pmfi.pr.gov.br\/ArquivosDB?idMidia=107045\">Linha 235 &#8211; Madrugad\u00e3o Tr\u00eas Lagoas<\/a><\/p>\n<p><a href=\"http:\/\/www.pmfi.pr.gov.br\/ArquivosDB?idMidia=107046\">Linha 245 &#8211; Porto Dourado &#8211; Praia<\/a><\/p>\n<p><a href=\"http:\/\/www.pmfi.pr.gov.br\/ArquivosDB?idMidia=107047\">Linha 250 &#8211; Tr\u00eas Bandeiras &#8211; Centro<\/a><\/p>\n<p><a href=\"http:\/\/www.pmfi.pr.gov.br\/ArquivosDB?idMidia=107048\">Linha 255 &#8211; Vila Miranda<\/a><\/p>\n<p><a href=\"http:\/\/www.pmfi.pr.gov.br\/ArquivosDB?idMidia=107049\">Linha 305 &#8211; Campos do Igua\u00e7u<\/a><\/p>\n<p><a href=\"http:\/\/www.pmfi.pr.gov.br\/ArquivosDB?idMidia=107050\">Linha 310 &#8211; Conjunto Libra<\/a><\/p>\n<p><a href=\"http:\/\/www.pmfi.pr.gov.br\/ArquivosDB?idMidia=107052\">Linha 320 &#8211; Interbairros<\/a><\/p>\n<p><a href=\"http:\/\/www.pmfi.pr.gov.br\/ArquivosDB?idMidia=107053\">Linha 325 &#8211; Jd. Guarapuava<\/a><\/p>\n<p><a href=\"http:\/\/www.pmfi.pr.gov.br\/ArquivosDB?idMidia=107054\">Linha 330 &#8211; Aparecidinha<\/a><\/p>\n<p><a href=\"http:\/\/www.pmfi.pr.gov.br\/ArquivosDB?idMidia=107055\">Linha 340 &#8211; Madrugad\u00e3o &#8211; Morumbi<\/a><\/p>\n<p><a href=\"http:\/\/www.pmfi.pr.gov.br\/ArquivosDB?idMidia=107056\">Linha 350 &#8211; Vila Borges &#8211; Ponte<\/a><\/p>\n<p><a href=\"http:\/\/www.pmfi.pr.gov.br\/ArquivosDB?idMidia=107057\">Linha 355 &#8211; Morumbi &#8211; INSS &#8211; Ponte<\/a><\/p>\n<p><a href=\"http:\/\/www.pmfi.pr.gov.br\/ArquivosDB?idMidia=107058\">Linha 360 &#8211; Portal da Foz<\/a><\/p>\n<p><a href=\"http:\/\/www.pmfi.pr.gov.br\/ArquivosDB?idMidia=107059\">Linha 375 &#8211; Jd. S\u00e3o Paulo<\/a><\/p>\n<p><a href=\"http:\/\/www.pmfi.pr.gov.br\/ArquivosDB?idMidia=107060\">Linha 380 &#8211; Jd. S\u00e3o Roque<\/a><\/p>\n<p><a href=\"http:\/\/www.pmfi.pr.gov.br\/ArquivosDB?idMidia=107061\">Linha Alto da Boa Vista<\/a><\/p>\n<p><a href=\"http:\/\/www.pmfi.pr.gov.br\/ArquivosDB?idMidia=107062\">Linha Metropolitana &#8211; Foz = S\u00e3o Miguel do Igua\u00e7u<\/a><\/p>\n<p><a href=\"http:\/\/www.pmfi.pr.gov.br\/ArquivosDB?idMidia=107063\">Linha Metropolitana &#8211; Santa Terezinha &#8211; Foz<\/a><\/p>\n<p><a href=\"http:\/\/www.pmfi.pr.gov.br\/ArquivosDB?idMidia=107064\">Linhas Internacionais &#8211; Foz = CDE &#8211; Foz = Pres. Franco &#8211; Foz = Hernandarias<\/a><\/p>\n<p><a href=\"http:\/\/www.pmfi.pr.gov.br\/ArquivosDB?idMidia=107065\">Linhas Internacionais &#8211; Foz = Puerto Igua\u00e7u e Cataratas Argentina<\/a><\/p>\n<p><a href=\"http:\/\/www.pmfi.pr.gov.br\/ArquivosDB?idMidia=108286\">Linha 108 &#8211; Unila<\/a><\/p>\n<p><strong><a href=\"http:\/\/www.pmfi.pr.gov.br\/ArquivosDB?idMidia=109240\">MAPAS TRANSPORTE COLETIVO<\/a><\/strong><\/p>\n<p><a href=\"http:\/\/www.pmfi.pr.gov.br\/ArquivosDB?idMidia=109268\">Linha 101-102 &#8211; Vila C Norte e Sul<\/a><\/p>\n<p><a href=\"http:\/\/www.pmfi.pr.gov.br\/ArquivosDB?idMidia=109269\">Linha 103 &#8211; Porto Belo<\/a><\/p>\n<p><a href=\"http:\/\/www.pmfi.pr.gov.br\/ArquivosDB?idMidia=109271\">Linha 110-117 &#8211; Sohab e Profilurb<\/a><\/p>\n<p><a href=\"http:\/\/www.pmfi.pr.gov.br\/ArquivosDB?idMidia=109272\">Linha 116 &#8211; Jd das Flores<\/a><\/p>\n<p><a href=\"http:\/\/www.pmfi.pr.gov.br\/ArquivosDB?idMidia=109276\">Linha 120 &#8211; Parque Nacional<\/a><\/p>\n<p><a href=\"http:\/\/www.pmfi.pr.gov.br\/ArquivosDB?idMidia=109277\">Linha 225-245 &#8211; Tr\u00eas Lagoas e Praia<\/a><\/p>\n<p><a href=\"http:\/\/www.pmfi.pr.gov.br\/ArquivosDB?idMidia=109278\">Linha 315 &#8211; Primeiro de Maio &amp; Linha 335 &#8211; Morumbi &#8211; Centro.pdf)(Linhas na Rodovi\u00e1ria<\/a><\/p>\n<p><strong><label id=\"formContato:j_idt72\" class=\"ui-outputlabel txTituloContatoMenu\">CONTATO<br \/>\n<\/label><\/strong><label id=\"formContato:j_idt72\" class=\"ui-outputlabel txTituloContatoMenu\"><span style=\"font-family: -apple-system, BlinkMacSystemFont, 'Segoe UI', Roboto, Oxygen-Sans, Ubuntu, Cantarell, 'Helvetica Neue', sans-serif; font-size: 16px;\">TTU &#8211; Terminal de Transporte Urbano &#8211; Centro<br \/>\n<\/span><\/label><label id=\"formContato:j_idt72\" class=\"ui-outputlabel txTituloContatoMenu\"><span style=\"font-family: -apple-system, BlinkMacSystemFont, 'Segoe UI', Roboto, Oxygen-Sans, Ubuntu, Cantarell, 'Helvetica Neue', sans-serif; font-size: 16px;\">(45) 3521-9874<br \/>\n<\/span><\/label><label id=\"formContato:j_idt72\" class=\"ui-outputlabel txTituloContatoMenu\"><span style=\"font-family: -apple-system, BlinkMacSystemFont, 'Segoe UI', Roboto, Oxygen-Sans, Ubuntu, Cantarell, 'Helvetica Neue', sans-serif; font-size: 16px;\">ttu.dvtc@gmail.com<\/span><\/label><\/p>\n<p>&nbsp;<\/p>\n<figure id=\"attachment_52690\" aria-describedby=\"caption-attachment-52690\" style=\"width: 768px\" class=\"wp-caption aligncenter\"><a href=\"https:\/\/materiais.loumarturismo.com.br\/super-chegada-em-foz\"><img fetchpriority=\"high\" decoding=\"async\" class=\"wp-image-52690 size-full\" src=\"https:\/\/www.clickfozdoiguacu.com.br\/wp-content\/uploads\/2021\/05\/super-chegada-home.jpg\" alt=\"Como ir do aeroporto ao hotel em Foz\" width=\"768\" height=\"450\" srcset=\"http:\/\/box5640.temp.domains\/~clickfoz\/wp-content\/uploads\/2021\/05\/super-chegada-home.jpg 768w, http:\/\/box5640.temp.domains\/~clickfoz\/wp-content\/uploads\/2021\/05\/super-chegada-home-300x176.jpg 300w\" sizes=\"(max-width: 768px) 100vw, 768px\" \/><\/a><figcaption id=\"caption-attachment-52690\" class=\"wp-caption-text\">Como ir do aeroporto ao hotel em Foz do Igua\u00e7u<\/figcaption><\/figure>\n","protected":false},"excerpt":{"rendered":"<p>Rotas dos \u00f4nibus do transporte urbano de Foz do Igua\u00e7u. &nbsp; Confira a tabela de hor\u00e1rios (Atualiza\u00e7\u00e3o em 24\/07\/2018): Linha 10 &#8211; Cidade Nova Linha 25 &#8211; Madrugad\u00e3o &#8211; Vila C &#8211; Porto Meira Linha 35 &#8211; Jd. Apor\u00e3 Linha 40 &#8211; Vila C &#8211; Rodovi\u00e1ria Linha 50 &#8211; Vila A via PR Linha 55 [&hellip;]<\/p>\n","protected":false},"author":11,"featured_media":0,"parent":0,"menu_order":0,"comment_status":"closed","ping_status":"closed","template":"","meta":{"footnotes":""},"class_list":["post-20177","page","type-page","status-publish","hentry"],"yoast_head":"<!-- This site is optimized with the Yoast SEO plugin v25.2 - https:\/\/yoast.com\/wordpress\/plugins\/seo\/ -->\n<title>Transporte p\u00fablico em Foz do Igua\u00e7u - Clickfoz<\/title>\n<meta name=\"robots\" content=\"index, follow, max-snippet:-1, max-image-preview:large, max-video-preview:-1\" \/>\n<link rel=\"canonical\" href=\"http:\/\/box5640.temp.domains\/~clickfoz\/transporte-publico-em-foz-do-iguacu\/\" \/>\n<meta property=\"og:locale\" content=\"pt_BR\" \/>\n<meta property=\"og:type\" content=\"article\" \/>\n<meta property=\"og:title\" content=\"Transporte p\u00fablico em Foz do Igua\u00e7u - Clickfoz\" \/>\n<meta property=\"og:description\" content=\"Rotas dos \u00f4nibus do transporte urbano de Foz do Igua\u00e7u. &nbsp; Confira a tabela de hor\u00e1rios (Atualiza\u00e7\u00e3o em 24\/07\/2018): Linha 10 &#8211; Cidade Nova Linha 25 &#8211; Madrugad\u00e3o &#8211; Vila C &#8211; Porto Meira Linha 35 &#8211; Jd. Apor\u00e3 Linha 40 &#8211; Vila C &#8211; Rodovi\u00e1ria Linha 50 &#8211; Vila A via PR Linha 55 [&hellip;]\" \/>\n<meta property=\"og:url\" content=\"http:\/\/box5640.temp.domains\/~clickfoz\/transporte-publico-em-foz-do-iguacu\/\" \/>\n<meta property=\"og:site_name\" content=\"Clickfoz\" \/>\n<meta property=\"article:publisher\" content=\"https:\/\/facebook.com\/clickfoz\" \/>\n<meta property=\"article:modified_time\" content=\"2021-05-17T19:35:55+00:00\" \/>\n<meta property=\"og:image\" content=\"https:\/\/www.clickfozdoiguacu.com.br\/wp-content\/uploads\/2021\/05\/super-chegada-home.jpg\" \/>\n<meta name=\"twitter:card\" content=\"summary_large_image\" \/>\n<meta name=\"twitter:site\" content=\"@clickfoz\" \/>\n<meta name=\"twitter:label1\" content=\"Est. tempo de leitura\" \/>\n\t<meta name=\"twitter:data1\" content=\"2 minutos\" \/>\n<script type=\"application\/ld+json\" class=\"yoast-schema-graph\">{\"@context\":\"https:\/\/schema.org\",\"@graph\":[{\"@type\":\"WebPage\",\"@id\":\"http:\/\/box5640.temp.domains\/~clickfoz\/transporte-publico-em-foz-do-iguacu\/\",\"url\":\"http:\/\/box5640.temp.domains\/~clickfoz\/transporte-publico-em-foz-do-iguacu\/\",\"name\":\"Transporte p\u00fablico em Foz do Igua\u00e7u - Clickfoz\",\"isPartOf\":{\"@id\":\"https:\/\/box5640.temp.domains\/~clickfoz\/#website\"},\"primaryImageOfPage\":{\"@id\":\"http:\/\/box5640.temp.domains\/~clickfoz\/transporte-publico-em-foz-do-iguacu\/#primaryimage\"},\"image\":{\"@id\":\"http:\/\/box5640.temp.domains\/~clickfoz\/transporte-publico-em-foz-do-iguacu\/#primaryimage\"},\"thumbnailUrl\":\"https:\/\/www.clickfozdoiguacu.com.br\/wp-content\/uploads\/2021\/05\/super-chegada-home.jpg\",\"datePublished\":\"2019-01-17T15:05:04+00:00\",\"dateModified\":\"2021-05-17T19:35:55+00:00\",\"breadcrumb\":{\"@id\":\"http:\/\/box5640.temp.domains\/~clickfoz\/transporte-publico-em-foz-do-iguacu\/#breadcrumb\"},\"inLanguage\":\"pt-BR\",\"potentialAction\":[{\"@type\":\"ReadAction\",\"target\":[\"http:\/\/box5640.temp.domains\/~clickfoz\/transporte-publico-em-foz-do-iguacu\/\"]}]},{\"@type\":\"ImageObject\",\"inLanguage\":\"pt-BR\",\"@id\":\"http:\/\/box5640.temp.domains\/~clickfoz\/transporte-publico-em-foz-do-iguacu\/#primaryimage\",\"url\":\"https:\/\/www.clickfozdoiguacu.com.br\/wp-content\/uploads\/2021\/05\/super-chegada-home.jpg\",\"contentUrl\":\"https:\/\/www.clickfozdoiguacu.com.br\/wp-content\/uploads\/2021\/05\/super-chegada-home.jpg\"},{\"@type\":\"BreadcrumbList\",\"@id\":\"http:\/\/box5640.temp.domains\/~clickfoz\/transporte-publico-em-foz-do-iguacu\/#breadcrumb\",\"itemListElement\":[{\"@type\":\"ListItem\",\"position\":1,\"name\":\"Home\",\"item\":\"http:\/\/box5640.temp.domains\/~clickfoz\/\"},{\"@type\":\"ListItem\",\"position\":2,\"name\":\"Transporte p\u00fablico em Foz do Igua\u00e7u\"}]},{\"@type\":\"WebSite\",\"@id\":\"https:\/\/box5640.temp.domains\/~clickfoz\/#website\",\"url\":\"https:\/\/box5640.temp.domains\/~clickfoz\/\",\"name\":\"Click Foz do Igua\u00e7u\",\"description\":\"O portal de not\u00edcias de Foz do Igua\u00e7u\",\"publisher\":{\"@id\":\"https:\/\/box5640.temp.domains\/~clickfoz\/#organization\"},\"potentialAction\":[{\"@type\":\"SearchAction\",\"target\":{\"@type\":\"EntryPoint\",\"urlTemplate\":\"https:\/\/box5640.temp.domains\/~clickfoz\/?s={search_term_string}\"},\"query-input\":{\"@type\":\"PropertyValueSpecification\",\"valueRequired\":true,\"valueName\":\"search_term_string\"}}],\"inLanguage\":\"pt-BR\"},{\"@type\":\"Organization\",\"@id\":\"https:\/\/box5640.temp.domains\/~clickfoz\/#organization\",\"name\":\"Clickfoz - Portal de Not\u00edcias de Foz do Igua\u00e7i\",\"url\":\"https:\/\/box5640.temp.domains\/~clickfoz\/\",\"logo\":{\"@type\":\"ImageObject\",\"inLanguage\":\"pt-BR\",\"@id\":\"https:\/\/box5640.temp.domains\/~clickfoz\/#\/schema\/logo\/image\/\",\"url\":\"http:\/\/box5640.temp.domains\/~clickfoz\/wp-content\/uploads\/2019\/04\/clickfoz-mini-logo-green-mouse-190x65.png\",\"contentUrl\":\"http:\/\/box5640.temp.domains\/~clickfoz\/wp-content\/uploads\/2019\/04\/clickfoz-mini-logo-green-mouse-190x65.png\",\"width\":190,\"height\":65,\"caption\":\"Clickfoz - Portal de Not\u00edcias de Foz do Igua\u00e7i\"},\"image\":{\"@id\":\"https:\/\/box5640.temp.domains\/~clickfoz\/#\/schema\/logo\/image\/\"},\"sameAs\":[\"https:\/\/facebook.com\/clickfoz\",\"https:\/\/x.com\/clickfoz\",\"https:\/\/www.instagram.com\/clickfoz\"]}]}<\/script>\n<!-- \/ Yoast SEO plugin. -->","yoast_head_json":{"title":"Transporte p\u00fablico em Foz do Igua\u00e7u - Clickfoz","robots":{"index":"index","follow":"follow","max-snippet":"max-snippet:-1","max-image-preview":"max-image-preview:large","max-video-preview":"max-video-preview:-1"},"canonical":"http:\/\/box5640.temp.domains\/~clickfoz\/transporte-publico-em-foz-do-iguacu\/","og_locale":"pt_BR","og_type":"article","og_title":"Transporte p\u00fablico em Foz do Igua\u00e7u - Clickfoz","og_description":"Rotas dos \u00f4nibus do transporte urbano de Foz do Igua\u00e7u. &nbsp; Confira a tabela de hor\u00e1rios (Atualiza\u00e7\u00e3o em 24\/07\/2018): Linha 10 &#8211; Cidade Nova Linha 25 &#8211; Madrugad\u00e3o &#8211; Vila C &#8211; Porto Meira Linha 35 &#8211; Jd. Apor\u00e3 Linha 40 &#8211; Vila C &#8211; Rodovi\u00e1ria Linha 50 &#8211; Vila A via PR Linha 55 [&hellip;]","og_url":"http:\/\/box5640.temp.domains\/~clickfoz\/transporte-publico-em-foz-do-iguacu\/","og_site_name":"Clickfoz","article_publisher":"https:\/\/facebook.com\/clickfoz","article_modified_time":"2021-05-17T19:35:55+00:00","og_image":[{"url":"https:\/\/www.clickfozdoiguacu.com.br\/wp-content\/uploads\/2021\/05\/super-chegada-home.jpg","type":"","width":"","height":""}],"twitter_card":"summary_large_image","twitter_site":"@clickfoz","twitter_misc":{"Est. tempo de leitura":"2 minutos"},"schema":{"@context":"https:\/\/schema.org","@graph":[{"@type":"WebPage","@id":"http:\/\/box5640.temp.domains\/~clickfoz\/transporte-publico-em-foz-do-iguacu\/","url":"http:\/\/box5640.temp.domains\/~clickfoz\/transporte-publico-em-foz-do-iguacu\/","name":"Transporte p\u00fablico em Foz do Igua\u00e7u - Clickfoz","isPartOf":{"@id":"https:\/\/box5640.temp.domains\/~clickfoz\/#website"},"primaryImageOfPage":{"@id":"http:\/\/box5640.temp.domains\/~clickfoz\/transporte-publico-em-foz-do-iguacu\/#primaryimage"},"image":{"@id":"http:\/\/box5640.temp.domains\/~clickfoz\/transporte-publico-em-foz-do-iguacu\/#primaryimage"},"thumbnailUrl":"https:\/\/www.clickfozdoiguacu.com.br\/wp-content\/uploads\/2021\/05\/super-chegada-home.jpg","datePublished":"2019-01-17T15:05:04+00:00","dateModified":"2021-05-17T19:35:55+00:00","breadcrumb":{"@id":"http:\/\/box5640.temp.domains\/~clickfoz\/transporte-publico-em-foz-do-iguacu\/#breadcrumb"},"inLanguage":"pt-BR","potentialAction":[{"@type":"ReadAction","target":["http:\/\/box5640.temp.domains\/~clickfoz\/transporte-publico-em-foz-do-iguacu\/"]}]},{"@type":"ImageObject","inLanguage":"pt-BR","@id":"http:\/\/box5640.temp.domains\/~clickfoz\/transporte-publico-em-foz-do-iguacu\/#primaryimage","url":"https:\/\/www.clickfozdoiguacu.com.br\/wp-content\/uploads\/2021\/05\/super-chegada-home.jpg","contentUrl":"https:\/\/www.clickfozdoiguacu.com.br\/wp-content\/uploads\/2021\/05\/super-chegada-home.jpg"},{"@type":"BreadcrumbList","@id":"http:\/\/box5640.temp.domains\/~clickfoz\/transporte-publico-em-foz-do-iguacu\/#breadcrumb","itemListElement":[{"@type":"ListItem","position":1,"name":"Home","item":"http:\/\/box5640.temp.domains\/~clickfoz\/"},{"@type":"ListItem","position":2,"name":"Transporte p\u00fablico em Foz do Igua\u00e7u"}]},{"@type":"WebSite","@id":"https:\/\/box5640.temp.domains\/~clickfoz\/#website","url":"https:\/\/box5640.temp.domains\/~clickfoz\/","name":"Click Foz do Igua\u00e7u","description":"O portal de not\u00edcias de Foz do Igua\u00e7u","publisher":{"@id":"https:\/\/box5640.temp.domains\/~clickfoz\/#organization"},"potentialAction":[{"@type":"SearchAction","target":{"@type":"EntryPoint","urlTemplate":"https:\/\/box5640.temp.domains\/~clickfoz\/?s={search_term_string}"},"query-input":{"@type":"PropertyValueSpecification","valueRequired":true,"valueName":"search_term_string"}}],"inLanguage":"pt-BR"},{"@type":"Organization","@id":"https:\/\/box5640.temp.domains\/~clickfoz\/#organization","name":"Clickfoz - Portal de Not\u00edcias de Foz do Igua\u00e7i","url":"https:\/\/box5640.temp.domains\/~clickfoz\/","logo":{"@type":"ImageObject","inLanguage":"pt-BR","@id":"https:\/\/box5640.temp.domains\/~clickfoz\/#\/schema\/logo\/image\/","url":"http:\/\/box5640.temp.domains\/~clickfoz\/wp-content\/uploads\/2019\/04\/clickfoz-mini-logo-green-mouse-190x65.png","contentUrl":"http:\/\/box5640.temp.domains\/~clickfoz\/wp-content\/uploads\/2019\/04\/clickfoz-mini-logo-green-mouse-190x65.png","width":190,"height":65,"caption":"Clickfoz - Portal de Not\u00edcias de Foz do Igua\u00e7i"},"image":{"@id":"https:\/\/box5640.temp.domains\/~clickfoz\/#\/schema\/logo\/image\/"},"sameAs":["https:\/\/facebook.com\/clickfoz","https:\/\/x.com\/clickfoz","https:\/\/www.instagram.com\/clickfoz"]}]}},"_links":{"self":[{"href":"http:\/\/box5640.temp.domains\/~clickfoz\/wp-json\/wp\/v2\/pages\/20177","targetHints":{"allow":["GET"]}}],"collection":[{"href":"http:\/\/box5640.temp.domains\/~clickfoz\/wp-json\/wp\/v2\/pages"}],"about":[{"href":"http:\/\/box5640.temp.domains\/~clickfoz\/wp-json\/wp\/v2\/types\/page"}],"author":[{"embeddable":true,"href":"http:\/\/box5640.temp.domains\/~clickfoz\/wp-json\/wp\/v2\/users\/11"}],"replies":[{"embeddable":true,"href":"http:\/\/box5640.temp.domains\/~clickfoz\/wp-json\/wp\/v2\/comments?post=20177"}],"version-history":[{"count":7,"href":"http:\/\/box5640.temp.domains\/~clickfoz\/wp-json\/wp\/v2\/pages\/20177\/revisions"}],"predecessor-version":[{"id":52692,"href":"http:\/\/box5640.temp.domains\/~clickfoz\/wp-json\/wp\/v2\/pages\/20177\/revisions\/52692"}],"wp:attachment":[{"href":"http:\/\/box5640.temp.domains\/~clickfoz\/wp-json\/wp\/v2\/media?parent=20177"}],"curies":[{"name":"wp","href":"https:\/\/api.w.org\/{rel}","templated":true}]}}